 1049314289 a multiple of 46?
False
Is 16 a factor of 34731366?
False
Is 33411483 a multiple of 239?
True
Does 2441 divide 171969902?
False
Does 27 divide 14700609?
True
Is 1026 a factor of 23633910?
True
Is 1377753700 a multiple of 50?
True
Does 17 divide 52971524?
True
Is 636 a factor of 551151065?
False
Is 186829449 a multiple of 53?
False
Does 17 divide 89811629?
True
Is 167718763 a multiple of 12?
False
Is 7423012 even?
True
Is 7916338 a multiple of 97?
False
Is 3167 a factor of 803004063?
False
Is 5593 a factor of 1855990234?
False
Is 3499493129 a multiple of 17?
True
Is 16 a factor of 4183584?
True
Is 12 a factor of 519767388?
True
Is 62 a factor of 236963501?
False
Is 359 a factor of 99527671?
False
Is 56 a factor of 74879293?
False
Is 1077 a factor of 117298166?
False
Is 113702820 a multiple of 3342?
False
Is 230 a factor of 13503070?
True
Does 15 divide 40715152?
False
Is 1228819884 a multiple of 2891?
False
Is 219 a factor of 412765953?
False
Does 19 divide 21065053?
True
Is 721674 a multiple of 6?
True
Is 468588050 a multiple of 350?
True
Does 2064 divide 1074044376?
False
Is 124 a factor of 178582072?
True
Is 1765 a factor of 139517913?
False
Does 2496 divide 794134848?
True
Is 525 a factor of 181584982?
False
Is 443 a factor of 67199113?
True
Does 171 divide 39556917?
True
Is 27 a factor of 392990022?
True
Is 31232565 a multiple of 91?
True
Does 4 divide 2739548?
True
Is 1760 a factor of 400630878?
False
Is 1053163645 a multiple of 1214?
False
Does 19 divide 107204688?
True
Is 39 a factor of 7974364?
False
Does 10 divide 1517074264?
False
Is 1603478320 a multiple of 514?
False
Is 918 a factor of 309981759?
False
Does 19 divide 9194100?
True
Is 3 a factor of 633836337?
True
Does 113 divide 160629890?
False
Does 31 divide 665754682?
False
Does 31 divide 1930020989?
False
Does 12 divide 433346088?
True
Is 65 a factor of 173912558?
False
Does 1256 divide 126794975?
False
Is 250 a factor of 1113354686?
False
Is 7 a factor of 617491?
True
Is 4213 a factor of 450550859?
True
Does 90 divide 13312710?
True
Does 14 divide 984199566?
True
Is 772 a factor of 13167472?
False
Is 384 a factor of 2509202304?
True
Does 22 divide 382863426?
True
Does 24 divide 5128374?
False
Is 49 a factor of 78549?
False
Is 31540688 a multiple of 7?
False
Is 8 a factor of 105440491?
False
Is 333 a factor of 311764923?
True
Is 5 a factor of 5639569?
False
Does 120 divide 21933600?
True
Is 221 a factor of 81773156?
False
Does 5520 divide 345778320?
True
Is 361800460 a multiple of 1104?
False
Is 173943927 a multiple of 42?
False
Is 3732994003 a multiple of 61?
True
Is 91034676 a multiple of 622?
True
Does 43 divide 106652169?
True
Is 22 a factor of 264172590?
True
Is 379251980 a multiple of 212?
False
Is 36 a factor of 51151464?
True
Is 48451984 a multiple of 784?
True
Is 31794888 a multiple of 516?
True
Does 357 divide 215169121?
False
Does 39 divide 7845708?
True
Is 85617938 a multiple of 32?
False
Is 89 a factor of 174400039?
True
Does 11 divide 12480912?
False
Is 80186058 a multiple of 9?
True
Is 9 a factor of 4070213538?
False
Does 11 divide 522157900?
True
Does 1672 divide 7632680?
True
Is 229202595 a multiple of 3893?
False
Is 30 a factor of 7553572770?
True
Is 3 a factor of 475182417?
True
Does 50 divide 145621710?
False
Does 9 divide 10624545?
True
Does 5655 divide 689474565?
True
Is 458 a factor of 51725348?
False
Is 721347284 a multiple of 96?
False
Is 140 a factor of 105975800?
True
Does 51 divide 464757096?
False
Does 249 divide 2297352016?
False
Does 179 divide 41908353?
False
Is 5 a factor of 13289185?
True
Does 1819 divide 1954873843?
True
Is 560632874 a multiple of 593?
True
Does 116 divide 99737264?
True
Is 85 a factor of 3319505?
True
Is 2224048619 a multiple of 827?
True
Is 5 a factor of 8272446?
False
Is 68338116 a multiple of 198?
True
Is 10 a factor of 71816498?
False
Is 10236332 a multiple of 2?
True
Is 14 a factor of 169844360?
True
Does 943 divide 676253590?
True
Is 1976562 a multiple of 27?
True
Does 44 divide 106257272?
True
Is 12159 a factor of 2588784849?
True
Is 2400 a factor of 516581847?
False
Is 103 a factor of 3943664?
True
Does 92 divide 85707315?
False
Is 30 a factor of 9843540?
True
Is 9 a factor of 1753775?
False
Does 44 divide 393835904?
True
Is 34891592 a multiple of 148?
True
Is 49 a factor of 1372527433?
False
Is 12 a factor of 136624176?
True
Is 10 a factor of 1664431467?
False
Does 858 divide 683874799?
False
Is 2185 a factor of 3438108425?
True
Is 272777674 a multiple of 9178?
False
Is 649 a factor of 154056375?
True
Does 5804 divide 213767124?
True
Is 53 a factor of 2625539?
False
Is 610474766 a multiple of 814?
True
Is 2893962970 a multiple of 2615?
True
Is 1655901688 a multiple of 4119?
False
Does 9 divide 4601165?
False
Is 3 a factor of 22033266?
True
Is 442165384 a multiple of 323?
False
Is 411821088 a multiple of 392?
True
Is 230 a factor of 1037530?
True
Does 145 divide 2001155440?
True
Is 173743559 a multiple of 69?
False
Does 29 divide 3156678709?
False
Does 2750 divide 29222843?
False
Is 14 a factor of 95048013?
False
Is 406 a factor of 263973892?
True
Is 311085379 a multiple of 35?
False
Does 74 divide 11349824?
True
Is 36679890 a multiple of 26?
True
Is 8 a factor of 1389288?
True
Is 33330857 even?
False
Does 17 divide 17356405?
True
Is 14502366 a multiple of 673?
False
Is 1553868862 a multiple of 62?
True
Is 23986598 a multiple of 451?
False
Is 3866042520 a multiple of 13284?
True
Does 437 divide 14796208?
False
Does 4271 divide 5120929?
True
Is 80289938 a multiple of 31?
True
Does 293 divide 3517692661?
True
Is 4 a factor of 9090484?
True
Is 134 a factor of 6304700?
True
Is 290 a factor of 56977170?
True
Is 30241110 a multiple of 5?
True
Does 329 divide 231457987?
False
Does 485 divide 36120375?
True
Is 2210023504 a multiple of 4076?
True
Is 14126126 a multiple of 623?
False
Is 262967254 a multiple of 11?
True
Does 89 divide 1062124220?
True
Does 428 divide 763060399?
False
Is 424216727 a multiple of 14?
False
Does 82 divide 275542960?
True
Does 368 divide 1154888829?
False
Is 1641958388 a multiple of 88?
False
Is 2114 a factor of 9555578?
False
Is 72185889 a multiple of 113?
False
Does 2099 divide 350018745?
True
Is 1199 a factor of 155379609?
True
Does 204 divide 377552388?
True
Is 121 a factor of 4508859335?
False
Is 80 a factor of 20067600?
True
Is 113 a factor of 118513634?
False
Does 155 divide 48761140?
True
Does 13 divide 25191049?
True
Does 3 divide 4032159?
True
Is 151444560 a multiple of 60?
True
Is 13147 a factor of 360056889?
True
Does 243 divide 22995560?
False
Is 79 a factor of 28172269?
True
Is 79754125 a multiple of 121?
True
Is 2286 a factor of 1025588754?
True
Is 454 a factor of 626010459?
False
Does 150 divide 87891263?
False
Is 755 a factor of 29593710?
False
Is 294009254 a multiple of 77?
True
Does 20 divide 158329080?
True
Does 136 divide 48659032?
True
Is 65 a factor of 4778800?
True
Does 75 divide 32722500?
True
Is 52222170 a multiple of 111?
True
Does 43 divide 1154429471?
True
Is 178740458 a multiple of 1843?
False
Is 2018910597 a multiple of 33?
True
Is 95279158 a multiple of 5582?
True
Does 84 divide 18172295?
False
Does 35 divide 35069822?
False
Is 782314388 a multiple of 31?
True
Does 84 divide 8157156?
True
Is 18357887 a multiple of 16?
False
Is 27640340 a multiple of 910?
True
Does 72 divide 5603976?
True
Is 428 a factor of 272098432?
True
Does 926 divide 16001060?
False
Is 58108734 a multiple of 303?
True
Is 1038 a factor of 3609352?
False
Is 25960522 a multiple of 494?
False
Is 4846310 a multiple of 93?
False
Does 1664 divide 157375666?
False
Does 98 divide 7892689?
False
Does 38 divide 422093360?
True
Does 10 divide 2992444?
False
Does 883 divide 18340511?
False
Is 261 a factor of 532719751?
False
Does 10 divide 156484385?
False
Is 169776294 a multiple of 910?
False
Does 176 divide 404647251?
False
Is 9485284 a multiple of 86?
True
Is 43848370 a multiple of 28?
False
Does 1100 divide 440414700?
True
Is 68 a factor of 84090364?
True
Is 15327855 a multiple of 4?
False
Does 17 divide 86760503?
True
Is 6 a factor of 12811119?
False
Does 16096 divide 497954014?
False
Is 101512106 a multiple of 22?
False
Is 19520793 a multiple of 38?
False
Is 205 a factor of 11400280?
Fals